3
What is the ten thousands digit of 21555?
2
What is the hundred thousands digit of 1617723?
6
What is the millions digit of 1843995?
1
What is the ten thousands digit of 3983882?
8
What is the units digit of 488280?
0
What is the ten thousands digit of 3664245?
6
What is the hundreds digit of 18944464?
4
What is the units digit of 527125?
5
What is the ten thousands digit of 26954797?
5
What is the units digit of 10362872?
2
What is the millions digit of 2999598?
2
What is the units digit of 10890864?
4
What is the ten millions digit of 24426867?
2
What is the ten millions digit of 12661345?
1
What is the millions digit of 8156274?
8
What is the hundred thousands digit of 14665621?
6
What is the tens digit of 908812?
1
What is the ten thousands digit of 3544946?
4
What is the units digit of 693539?
9
What is the tens digit of 100079?
7
What is the tens digit of 813199?
9
What is the hundred thousands digit of 2902976?
9
What is the tens digit of 1125762?
6
What is the thousands digit of 264842?
4
What is the ten thousands digit of 23023561?
2
What is the units digit of 430483?
3
What is the hundred thousands digit of 907712?
9
What is the hundreds digit of 4034524?
5
What is the hundreds digit of 30972059?
0
What is the ten thousands digit of 20490165?
9
What is the hundred thousands digit of 6160313?
1
What is the hundreds digit of 24143917?
9
What is the ten thousands digit of 68337?
6
What is the ten thousands digit of 2481992?
8
What is the hundred thousands digit of 11343224?
3
What is the hundreds digit of 268040?
0
What is the millions digit of 9536002?
9
What is the tens digit of 168536?
3
What is the units digit of 134104?
4
What is the ten thousands digit of 1749423?
4
What is the ten thousands digit of 29217?
2
What is the tens digit of 123523?
2
What is the millions digit of 1193181?
1
What is the hundred thousands digit of 3491280?
4
What is the hundred thousands digit of 214822?
2
What is the ten millions digit of 11141469?
1
What is the ten millions digit of 13596714?
1
What is the thousands digit of 544750?
4
What is the thousands digit of 1347486?
7
What is the hundred thousands digit of 424827?
4
What is the ten millions digit of 20936325?
2
What is the ten thousands digit of 364354?
6
What is the thousands digit of 33041513?
1
What is the ten thousands digit of 36020155?
2
What is the thousands digit of 2801612?
1
What is the tens digit of 13207?
0
What is the thousands digit of 2350384?
0
What is the thousands digit of 311670?
1
What is the units digit of 1621991?
1
What is the hundred thousands digit of 2493342?
4
What is the hundreds digit of 1297341?
3
What is the thousands digit of 177606?
7
What is the units digit of 615324?
4
What is the ten thousands digit of 239097?
3
What is the hundred thousands digit of 1027348?
0
What is the tens digit of 2201286?
8
What is the tens digit of 2739806?
0
What is the hundreds digit of 20644269?
2
What is the tens digit of 4670458?
5
What is the tens digit of 286719?
1
What is the ten thousands digit of 1569431?
6
What is the ten thousands digit of 13877043?
7
What is the hundred thousands digit of 487128?
4
What is the hundreds digit of 9527575?
5
What is the tens digit of 2980532?
3
What is the hundreds digit of 482155?
1
What is the tens digit of 276012?
1
What is the hundreds digit of 6366860?
8
What is the tens digit of 973731?
3
What is the ten thousands digit of 1752020?
5
What is the tens digit of 1046305?
0
What is the ten thousands digit of 9676104?
7
What is the hundred thousands digit of 1363006?
3
What is the ten thousands digit of 627680?
2
What is the hundred thousands digit of 4161691?
1
What is the tens digit of 831201?
0
What is the millions digit of 5924519?
5
What is the hundreds digit of 33572485?
4
What is the thousands digit of 230001?
0
What is the hundred thousands digit of 4815883?
8
What is the hundreds digit of 2539872?
8
What is the units digit of 383489?
9
What is the tens digit of 8293?
9
What is the tens digit of 867246?
4
What is the units digit of 11566352?
2
What is the units digit of 20401378?
8
What is the hundreds digit of 11180401?
4
What is the ten thousands digit of 264529?
6
What is the tens digit of 8782099?
9
What is the millions digit of 1081433?
1
What is the hundreds digit of 917897?
8
What is the tens digit of 7223362?
6
What is the millions digit of 1358143?
1
What is the units digit of 1475282?
2
What is the ten millions digit of 11299743?
1
What is the ten millions digit of 36239900?
3
What is the units digit of 31090?
0
What is the ten thousands digit of 22624?
2
What is the tens digit of 7101126?
2
What is the ten thousands digit of 54244?
5
What is the millions digit of 2446531?
2
What is the hundred thousands digit of 19386640?
3
What is the hundreds digit of 10984262?
2
What is the ten thousands digit of 1705242?
0
What is the ten thousands digit of 8145690?
4
What is the hundred thousands digit of 1371677?
3
What is the hundred thousands digit of 559677?
5
What is the tens digit of 16284786?
8
What is the ten thousands digit of 1067540?
6
What is the tens digit of 1706382?
8
What is the tens digit of 145673?
7
What is the hundreds digit of 90262?
2
What is the units digit of 1017891?
1
What is the tens digit of 1022116?
1
What is the thousands digit of 1664380?
4
What is the ten thousands digit of 346430?
4
What is the hundred thousands digit of 968613?
9
What is the hundred thousands digit of 9586451?
5
What is the hundreds digit of 3971750?
7
What is the hundred thousands digit of 1314722?
3
What is the thousands digit of 511844?
1
What is the hundred thousands digit of 16765882?
7
What is the thousands digit of 207455?
7
What is the tens digit of 7014293?
9
What is the tens digit of 9368741?
4
What is the hundreds digit of 850?
8
What is the hundred thousands digit of 158259?
1
What is the hundred thousands digit of 2791963?
7
What is the ten thousands digit of 933983?
3
What is the hundreds digit of 1104262?
2
What is the tens digit of 1862863?
6
What is the hundreds digit of 289887?
8
What is the thousands digit of 1491473?
1
What is the tens digit of 528385?
8
What is the hundreds digit of 304697?
6
What is the thousands digit of 11332450?
2
What is the hundreds digit of 363184?
1
What is the hundred thousands digit of 345684?
3
What is the units digit of 344582?
2
What is the hundreds digit of 69729?
7
What is the ten thousands digit of 2190742?
9
What is the ten thousands digit of 2784884?
8
What is the tens digit of 7887898?
9
What is the thousands digit of 4424026?
4
What is the millions digit of 7132229?
7
What is the hundred thousands digit of 173064?
1
What is the ten thousands digit of 21758?
2
What is the hundreds digit of 152242?
2
What is the hundreds digit of 9818?
8
What is the tens digit of 6475959?
5
What is the thousands digit of 738840?
8
What is the units digit of 2416315?
5
What is the millions digit of 7641991?
7
What is the tens digit of 5470575?
7
What is the hundreds digit of 2912852?
8
What is the thousands digit of 119873?
9
What is the tens digit of 598596?
9
What is the units digit of 691451?
1
What is the hundreds digit of 352568?
5
What is the units digit of 2562076?
6
What is the thousands digit of 57088?
7
What is the ten thousands digit of 390211?
9
What is the hundred thousands digit of 257372?
2
What is the thousands digit of 2697613?
7
What is the hundreds digit of 599508?
5
What is the ten thousands digit of 3059541?
5
What is the hundred thousands digit of 1308720?
3
What is the ten thousands digit of 169617?
6
What is the tens digit of 172665?
6
What is the ten thousands digit of 478436?
7
What is the hundreds digit of 2974830?
8
What is the hundred thousands digit of 1613413?
6
What is the tens digit of 24955247?
4
What is the thousands digit of 16761230?
1
What is the ten thousands digit of 89940?
8
What is the hundreds digit of 163910?
9
What is the millions digit of 2811646?
2
What is the units digit of 6704096?
6
What is the thousands digit of 262479?
2
What is the millions digit of 20474340?
0
What is the tens digit of 13199592?
9
What is the units digit of 363976?
6
What is the units digit of 34997261?
1
What is the hundreds digit of 53128?
1
What is the ten thousands d